 x*l + 9. What are the prime factors of 1 + (r - (0 - 172/2))?
3, 29
Suppose 4*z + 2*y = 8*z + 3254, -3*y = -z - 821. Let n = 819 + z. List the prime factors of n.
7
Let q = 363 + -356. Suppose -d + q*d - 4218 = 0. What are the prime factors of d?
19, 37
Let q = -18442 + 43172. What are the prime factors of q?
2, 5, 2473
Let o(v) = -v + 8. Let s be o(3). Let r be (-1)/(-3)*(6 + 0). Suppose -s*j + r*k + k = -219, 3*j - 3*k - 135 = 0. List the prime factors of j.
2, 3, 7
Let l = -6175 + 18400. List the prime factors of l.
3, 5, 163
List the prime factors of (-612336)/(-54) + (-10)/18.
17, 23, 29
Let z = -526 - -771. Let g = 1177 - z. What are the prime factors of g?
2, 233
Let q(c) = 46*c**3 + 14*c**2 + 19*c + 14. Let x(a) = 23*a**3 + 7*a**2 + 9*a + 7. Let k(w) = 3*q(w) - 7*x(w). List the prime factors of k(-3).
569
Let l = 302 + -793. Let y = 983 + l. List the prime factors of y.
2, 3, 41
Let r(v) = 3*v**2 + 27*v - 26. Let a be r(-10). Suppose a*z = 16, 0 = 5*b + z - 1145 + 46. List the prime factors of b.
3, 73
Let d = 15 + -12. Let k(o) = d*o**2 - o**3 + o**2 - 11*o - 2*o - 3 + 8*o**2. List the prime factors of k(10).
67
Let k(j) be the first derivative of j**2 + 2*j**2 + j**3 + 6*j + 0*j**3 + 9 - j**2. What are the prime factors of k(-4)?
2, 19
List the prime factors of 128/8 + (-859484)/(-38).
2, 11317
Let u = 13 + -11. Suppose 3*w = 3*i + 15, 0 = 4*i - u*w + 8 + 2. Suppose i = 7*q - 3*q - 432. What are the prime factors of q?
2, 3
Let o(u) = -19*u - 2. Let a be ((-5)/(-25) + (-26)/5)*-1. Let i be o(a). Let y = 197 + i. List the prime factors of y.
2, 5
Suppose 0 = -8*w - 48. List the prime factors of (w*24/(-90))/(1/50).
2, 5
Let q = -1605 - -10022. What are the prime factors of q?
19, 443
Let w be 2*(-2)/(-4) - (-2 + 1). Let q be (-28 - -20)/(0 + w/(-10)). List the prime factors of (q/(-2))/(1/(-24)*4).
2, 3, 5
Let w(v) be the third derivative of 11*v**6/15 + v**5/60 - v**4/24 + v**3/6 + v**2 + 14*v. Let q = 4 - 3. List the prime factors of w(q).
89
Let v be -21*((-36)/(-54) - (-130)/(-6)). Suppose 5*u - x - v = 0, -5*x + 376 = 4*u - 0*u. What are the prime factors of u?
89
Let t(d) = 34*d**2 - d + 149. List the prime factors of t(-7).
2, 911
Let k(g) = 3526*g - 9406. What are the prime factors of k(5)?
2, 257
Let z = 120 + -88. Let l(f) = 2*f + 12. Let u be l(-8). List the prime factors of u/32 - (-580)/z.
2, 3
Let r = -146 + 134. What are the prime factors of 351/12*(-6 - 296/r)?
2, 3, 7, 13
Suppose i - 19 = 2*p, 5*i + p - 17 - 23 = 0. Suppose 15*v + 2*c + 3716 = 17*v, -i = 3*c. What are the prime factors of v?
5, 7, 53
Let s(y) = y - 10. Let d be s(6). Let o = 8 + d. Suppose 2*v - 3*w - 89 = 0, 4*w - 96 = -6*v + o*v. What are the prime factors of v?
2, 23
Let s = 66 - 11. Suppose -7 = 8*b - s. What are the prime factors of (-63)/6*(-8)/b?
2, 7
Let u = 377 - 806. Let f = 268 - u. List the prime factors of f.
17, 41
Let x(v) = v**2 + 6*v + 642. Let a be x(0). Let t = 334 + a. What are the prime factors of t?
2, 61
Let i be (8 - 13)/(((-10)/4)/1). Suppose 7*h + 526 = 3*n + 5*h, -5*n + i*h = -878. What are the prime factors of n?
2, 11
Suppose 30*z = -36*z + 204003 + 65409. List the prime factors of z.
2, 13, 157
Suppose 2*b + 3*x - 45011 = 25597, 0 = 3*b - 4*x - 105929. What are the prime factors of b?
3, 3923
Let q = 4999 - -234. List the prime factors of q.
5233
Suppose -4*s + 12 = -0*s. Suppose -3*p = -s*t - 315, 4*p = -5*t + p - 533. Let v = -75 - t. List the prime factors of v.
31
Let r(b) be the first derivative of -b**4/4 + 16*b**3/3 - 19*b**2/2 + 20*b + 94. Let m = 16 - 2. List the prime factors of r(m).
2, 73
Suppose 2*z = 2*m - 28726, 2*z - 7*z = 5*m - 71775. Suppose -20*n = -7021 - m. What are the prime factors of n?
1069
Suppose 0 = -6*i - 6*i - 7008. Let p = 1288 + i. What are the prime factors of p?
2, 11
Let r be (1 - 11) + 5 + 447. Suppose -6*p = -1214 - r. List the prime factors of p.
2, 3, 23
Let p(n) = 15*n**2 - 41*n - 1496. List the prime factors of p(-22).
2, 3, 11, 101
Let n = -49 - -58. Suppose n*r - 20*r = -1067. List the prime factors of r.
97
Let w = -25706 - -38478. What are the prime factors of w?
2, 31, 103
Let p be 7/(9 - 2)*4. Suppose p*h + 12 = c, 0*c = -5*c - 2*h + 60. What are the prime factors of c?
2, 3
Let o = -31 + 87. Suppose 0 = 12*x - 5*x - o. Suppose 803 = x*t - 509. List the prime factors of t.
2, 41
Suppose -3*o + 0*y = -y + 1003, -1350 = 4*o + 5*y. Let p = o + 614. List the prime factors of p.
3, 31
Let n = 3629 - 1908. List the prime factors of n.
1721
Let i = 26 + -24. What are the prime factors of i/13 + 19856/52?
2, 191
Let g(z) = 12*z**3 + 4*z**2 - 2*z - 1. Suppose -12*v = -6*v - 6. Let s be 4/(-4)*v - (2 + -5). What are the prime factors of g(s)?
107
Suppose 2*g = -254*g + 44*g + 282596. What are the prime factors of g?
31, 43
Suppose -2*a - 10 = -0*a, 4*s + 5*a - 14395 = 0. List the prime factors of s.
5, 7, 103
Suppose 0 = 5*m - 2*n - 31, 6 = 3*m - 0*m + 3*n. Suppose -2*z = -m*z + 6. Suppose g - 51 = -z*g. What are the prime factors of g?
17
Suppose -15 = h + 9. Let j = h + 72. Suppose 0 = -5*x - 4*u + 478, -5*x + 3*u = -j - 451. List the prime factors of x.
2, 7
Suppose 633 = 18*v - 73185. What are the prime factors of v?
3, 1367
Let l(a) = 53*a + 5. Let p be l(8). Suppose -u = -2*y - p, 0*y - 3*y = u - 424. What are the prime factors of u?
7, 61
Let v = -4818 + 12673. List the prime factors of v.
5, 1571
Suppose 58 = 4*j + 6*o - 4*o, 2*j - 4*o - 14 = 0. Suppose 0 = -6*d + 397 - j. Let y = d - 45. List the prime factors of y.
19
Let z = 9045 - -3371. What are the prime factors of z?
2, 97
Let l = 5866 + 893. What are the prime factors of l?
3, 751
Suppose 5*c + 2*i - 20 = 0, i - 3 = c - 0*i. Suppose c*g + 10 = 204. Let m = g + -62. What are the prime factors of m?
5, 7
Let t be (-9090)/4 - (5 + 81/(-18)). Let u = t + 1561. List the prime factors of 3*(u/(-12) + -1).
5, 7
Suppose -20 = -4*b, -4*m + 4*b + 549 = -623. Suppose 0 = 5*x - 2*d - 1544, -x - 7*d + m = -2*d. List the prime factors of x.
2, 7, 11
Let t(h) = -4*h - 61. Let f be t(-16). Suppose 0 = f*l - 827 + 92. List the prime factors of l.
5, 7
Let l(k) = 617*k + 615. List the prime factors of l(5).
2, 5, 37
Let g = 93335 + -66437. List the prime factors of g.
2, 3, 4483
Let n = -28 + 46. Let g be 1/2*n/3. Suppose -5*i + 344 = 2*a, -213 = -g*i + a - 0*a. List the prime factors of i.
2, 5, 7
Suppose s - 16 = 4*g, 5*s - 4*g - 1 = 47. Suppose -3*f + s - 2 = 0. Suppose f*l + 61 = 3*l - 5*z, -4*l - 4*z = -220. What are the prime factors of l?
2, 7
Suppose -585*o + 315333 = -558*o. List the prime factors of o.
3, 17, 229
Suppose 59*m = -199640 + 663675. What are the prime factors of m?
5, 11, 13
Let n be (10/(-4))/(-5)*(1 - 7). Let x be ((-1809)/36)/(n/(-12)). Let v = -52 - x. What are the prime factors of v?
149
Suppose 0 = -141*j + 139*j. Suppose -292*l + 298*l - 6036 = j. List the prime factors of l.
2, 503
Suppose -5 - 11 = -8*h. Suppose -h*j - 938 = -338. What are the prime factors of (2/5)/(1195/j - -4)?
2, 3
Suppose -34 + 18 = -2*n. Suppose 389 = n*l - 1115. List the prime factors of l.
2, 47
Let d(p) = p**2 - 14*p + 8. Let v be d(6). Suppose 76 = n + 2*r, -2*n - 2*r = 3*r - 157. Let g = n + v. What are the prime factors of g?
2, 13
Let k = -242 - -244. Suppose o + 627 = 3*l - 2*o, -k*l = o - 424. List the prime factors of l.
211
Suppose 42*c - 2652012 = -79*c - 542861. List the prime factors of c.
17431
Let w be -70*(-2 + (-6)/(-4)). Suppose 102*a - 123*a = 105. List the prime factors of (-224)/w*a/2.
2
Let h = 22 + -73. Let k be 14846/130 - (-1)/(-5). Let x = k + h. List the prime factors of x.
3, 7
Let g = 29 + -22. Let k(l) = -5*l**3 - 7*l + 3*l + 0 - 4*l**2 + 0 - g. What are the prime factors of k(-3)?
2, 13
Suppose 0 = 252*u - 77*u - 5024075. List the prime factors of u.
19, 1511
Suppose -131551 = -31*p + 92455. What are the prime factors of p?
2, 3613
Suppose 78*n - 72*n = 20838. Suppose 3469 = 3*i - 5*v, n = -2*i + 5*i - v. What are the prime factors of i?
2, 3, 193
Let x(j) = 4*j + 10130*j**3 + 10 - 15*j - 10132*j**3 - 20*j**2 + 8*j**2. List the prime factors of x(-9).
5, 7, 17
Suppose -4*o + 97 = 81. Suppose x + 2*y - 420 = o*y, -5*x + 2044 = 4*y. List the prime factors of x.
2, 103
Let g(u) = -15*u - 37. Let y =